le of 565?
True
Is 19898512 a multiple of 614?
True
Does 5 divide 133281?
False
Is 245205 a multiple of 5?
True
Does 28 divide 726012?
True
Is 474 a factor of 542614?
False
Is 506 a multiple of 86?
False
Does 7 divide 49508?
False
Is 872446 a multiple of 541?
False
Is 40275 a multiple of 50?
False
Does 19 divide 100738?
True
Is 753525 a multiple of 75?
True
Is 44 a factor of 1171852?
True
Does 353 divide 21929?
False
Does 464 divide 284896?
True
Is 5 a factor of 12833?
False
Is 176196 a multiple of 18?
False
Does 26 divide 697243?
False
Is 17 a factor of 5528677?
False
Does 94 divide 9166615?
False
Does 164 divide 1076439?
False
Is 123804 a multiple of 362?
True
Is 21938389 a multiple of 17?
False
Is 63 a factor of 386739?
False
Is 113 a factor of 2712?
True
Does 23 divide 788716?
True
Does 80 divide 14828160?
True
Is 50 a factor of 88969?
False
Is 187628 a multiple of 27?
False
Does 27 divide 126126?
False
Does 4 divide 763408?
True
Does 115 divide 306245?
True
Is 35282 a multiple of 62?
False
Is 45 a factor of 115605?
True
Is 66063 a multiple of 3?
True
Is 7 a factor of 568393?
True
Does 261 divide 85383?
False
Is 56 a factor of 532280?
True
Is 26227 a multiple of 5?
False
Is 40192 a multiple of 16?
True
Is 100 a factor of 18236505?
False
Does 18 divide 117648?
True
Is 175139 a multiple of 292?
False
Is 49647 a multiple of 13?
True
Is 58 a factor of 850802?
True
Is 124096 a multiple of 112?
True
Is 67676 a multiple of 17?
False
Is 44 a factor of 73524?
True
Is 414851 a multiple of 17?
True
Is 1037712 a multiple of 1663?
True
Is 680 a factor of 654840?
True
Is 5412555 a multiple of 5?
True
Is 80 a factor of 39102?
False
Is 68 a factor of 5415846?
False
Is 166 a factor of 1148976?
False
Is 52494 a multiple of 2?
True
Is 344973 a multiple of 228?
False
Is 22727 a multiple of 111?
False
Is 57412 a multiple of 124?
True
Does 90 divide 110966?
False
Does 20 divide 319240?
True
Is 88 a factor of 461384?
True
Is 464 a factor of 422240?
True
Is 147340 a multiple of 134?
False
Is 1687 even?
False
Is 1677 a factor of 2252586?
False
Does 353 divide 3194668?
False
Is 352824 a multiple of 12?
True
Is 20993101 a multiple of 35?
False
Is 190001 a multiple of 5?
False
Does 249 divide 18038805?
True
Does 93 divide 107660?
False
Is 3179824 a multiple of 5?
False
Does 25 divide 41550?
True
Is 1937264 a multiple of 686?
True
Does 270 divide 219174?
False
Does 386 divide 1968600?
True
Is 100350 a multiple of 18?
True
Is 74 a factor of 145810?
False
Does 1194 divide 552822?
True
Is 52 a factor of 1463540?
True
Does 61 divide 34272?
False
Is 21 a factor of 149142?
True
Is 254286 a multiple of 918?
True
Does 26 divide 153374?
True
Does 670 divide 8590522?
False
Does 5 divide 440993?
False
Is 125253 a multiple of 3?
True
Does 2 divide 6084?
True
Is 24978 a multiple of 23?
True
Is 11 a factor of 4145636?
True
Is 212 a factor of 924744?
True
Is 17993840 a multiple of 20?
True
Is 257491 a multiple of 287?
False
Is 94 a factor of 107120?
False
Is 43 a factor of 6339?
False
Does 8 divide 13853?
False
Is 85568 a multiple of 56?
True
Is 51 a factor of 942047?
False
Does 599 divide 146156?
True
Is 138 a factor of 21390?
True
Is 128 a factor of 10405100?
False
Does 964 divide 513812?
True
Is 13986 a multiple of 8?
False
Is 55205 a multiple of 905?
True
Is 4241904 a multiple of 22?
False
Is 403 a factor of 2870166?
True
Is 327 a factor of 8544837?
True
Is 53 a factor of 793257?
False
Does 15 divide 21667?
False
Is 604318 a multiple of 22?
True
Does 9 divide 1366173?
True
Is 104 a factor of 5296512?
True
Does 19 divide 242320?
False
Is 187 a factor of 198220?
True
Does 10 divide 1525400?
True
Is 52 a factor of 43183?
False
Does 646 divide 22665014?
False
Does 109 divide 241762?
True
Is 11 a factor of 1639495?
True
Is 1745037 a multiple of 26?
False
Does 674 divide 639826?
False
Is 172 a factor of 665042?
False
Is 12 a factor of 2523042?
False
Does 472 divide 2701703?
False
Does 7 divide 446410?
False
Is 42 a factor of 5323928?
False
Is 28 a factor of 13501627?
False
Does 38 divide 31903?
False
Is 69530 a multiple of 10?
True
Is 442290 a multiple of 138?
True
Is 3022416 a multiple of 1668?
True
Does 4 divide 1216740?
True
Does 85 divide 467021?
False
Is 287 a factor of 185689?
True
Does 477 divide 89676?
True
Is 786 a factor of 2975544?
False
Is 2334280 a multiple of 104?
True
Does 366 divide 583770?
True
Does 118 divide 539521?
False
Is 12 a factor of 348583?
False
Is 1305731 a multiple of 211?
False
Does 116 divide 192908?
True
Does 51 divide 2297499?
True
Does 40 divide 112160?
True
Is 364 a factor of 516516?
True
Does 8 divide 82128?
True
Is 15 a factor of 818895?
True
Is 1309621 a multiple of 12?
False
Is 12 a factor of 345768?
True
Is 7 a factor of 154371?
True
Is 242 a factor of 225840?
False
Does 10 divide 4845911?
False
Does 3 divide 82758?
True
Is 1677437 a multiple of 909?
False
Is 14113 a multiple of 20?
False
Is 11808 a multiple of 36?
True
Does 143 divide 70356?
True
Does 762 divide 1727174?
False
Is 195943 a multiple of 25?
False
Does 10 divide 5680850?
True
Is 554120 a multiple of 26?
False
Is 153 a factor of 600525?
True
Is 1147701 a multiple of 74?
False
Is 19 a factor of 5106997?
False
Is 5 a factor of 55979?
False
Is 62 a factor of 7831?
False
Is 229 a factor of 2237101?
True
Is 135200 a multiple of 200?
True
Does 37 divide 843828?
False
Does 1966 divide 13075174?
False
Is 78 a factor of 73398?
True
Is 337 a factor of 1743301?
True
Is 101220 a multiple of 60?
True
Is 11 a factor of 430520?
False
Is 1956750 a multiple of 750?
True
Is 5 a factor of 1200705?
True
Is 10414779 a multiple of 18?
False
Does 18 divide 885189?
False
Is 13276 a multiple of 5?
False
Does 25 divide 1977481?
False
Is 202926 a multiple of 186?
True
Is 408 a factor of 1421093?
False
Is 299 a factor of 104949?
True
Is 17197136 a multiple of 44?
True
Is 20 a factor of 1343868?
False
Is 45 a factor of 149596?
False
Is 203 a factor of 50767?
False
Is 2233689 a multiple of 136?
False
Does 114 divide 1036280?
False
Is 613640 a multiple of 23?
True
Is 814 a factor of 3513060?
False
Does 315 divide 681910?
False
Is 153 a factor of 27955?
False
Is 142080 a multiple of 80?
True
Is 128 a factor of 206241?
False
Does 37 divide 279528?
False
Is 239324 a multiple of 3?
False
Is 537092 a multiple of 38?
True
Is 7 a factor of 80280?
False
Is 80320 a multiple of 54?
False
Does 3 divide 853833?
True
Is 136 a factor of 703624?
False
Is 877 a factor of 250822?
True
Is 95 a factor of 281105?
True
Is 6842 a multiple of 3?
False
Is 9 a factor of 889117?
False
Is 854945 a multiple of 18?
False
Is 539 a factor of 18313576?
False
Does 36 divide 995112?
True
Does 15 divide 337890?
True
Is 335663 a multiple of 19?
False
Does 180 divide 198180?
True
Does 5 divide 357239?
False
Does 50 divide 92550?
True
Is 4127552 a multiple of 1936?
True
Is 19163 a multiple of 197?
False
Is 45924 a multiple of 9?
False
Does 35 divide 3815?
True
Does 8 divide 384573?
False
Is 13887064 a multiple of 11?
False
Does 162 divide 1645110?
True
Is 73 a factor of 13282277?
True
Does 38 divide 485222?
True
Is 6562447 a multiple of 212?
False
Is 20680 a multiple of 20?
True
Is 383739 a multiple of 27?
False
Does 23 divide 806095?
False
Is 2688481 a multiple of 100?
False
Does 47 divide 165581?
True
Does 67 divide 77251?
True
Is 7 a factor of 208415?
False
Does 1842 divide 8994486?
True
Is 1105392 a multiple of 205?
False
Is 11753885 a multiple of 79?
False
Is 56 a factor of 21224?
True
Is 2783130 a multiple of 870?
True
Is 66 a factor of 202418?
False
Does 33 divide 509058?
True
Is 817640 a multiple of 291?
False
Does 16 divide 1287063?
False
Does 25 divide 4525501?
False
Does 332 divide 1538820?
True
Is 4 a factor of 2298784?
True
Is 257 a factor of 599067?
True
Does 119 divide 163387?
True
Does 353 divide 93109?
False
Is 600 a factor of 4434928?
False
Does 320 divide 6904?
False
Does 279 divide 60740?
False
Is 59 a factor of 115817?
True
Is 3206253 a multiple of 515?
False
Is 58 a factor of 2911150?
False
Is 197367 a multiple of 394?
False
Is 8 a factor of 750852?
False
Does 106 divide 492903?
False
Is 387664 a multiple of 34?
False
Is 300 a factor of 630300?
True
Is 25 a factor of 325797?
False
Is 5655886 a multiple of 156?
False
Is 2043